{"id":86,"date":"2023-11-16T18:09:37","date_gmt":"2023-11-16T17:09:37","guid":{"rendered":"http:\/\/www.singlemalt76.photos\/?page_id=86"},"modified":"2023-11-17T12:39:15","modified_gmt":"2023-11-17T11:39:15","slug":"ueber-mich","status":"publish","type":"page","link":"http:\/\/www.singlemalt76.photos\/?page_id=86","title":{"rendered":"\u00dcber mich"},"content":{"rendered":"\n<p class=\"has-text-align-justify has-black-color has-text-color has-link-color has-medium-font-size wp-elements-1dffca8bdb0d7cbde67e1540d7d441f7\"><strong>Ich bin Jan alias singlemalt76 und versuche hier zum x-ten mal einen Blog aufzusetzen. Reiseblogs gibt es viele. Fotoblogs auch. Wahrscheinlich auch beides in irgend einer Form. Ich m\u00f6chte hier gerne meine Fotos zeigen und freue mich auch \u00fcber Feedback, Diskussionen und Kommentare. Ziel wird es sein Bilder unserer Reisen zu zeigen und zu dokumentieren. Allerdings wie genau die Reiseberichte werden kann ich nicht sagen. Hier wird es oftmals an entsprechender Zeit fehlen. <\/strong><\/p>\n\n\n\n<p class=\"has-text-align-justify has-black-color has-text-color has-link-color has-medium-font-size wp-elements-11936fd56c676dec2d5458d13e99a21d\"><strong>Zu mir selber. Ich komme aus Norddeutschland. Bin in Celle geboren, bei Hildesheim aufgewachsen und habe in Braunschweig studiert. Wahrend meines Studiums habe ich lange als DJ gearbeitet. Musik ist immer noch ein gro\u00dfer Bestandteil meines Lebens &#8211; als DJ auflegen mache ich allerdings nicht. Die Fotografie begleitet mich schon fast mein ganzes Leben. Interesse war immer daran und so richtig gestartet bin ich bereits als ich in der Schule die ersten Fotokurse gemacht habe. Damals haben wir noch im Keller gestanden und im Labor die schwarz wei\u00df Abz\u00fcge selber gemacht.<\/strong> <\/p>\n\n\n\n<p class=\"has-text-align-justify has-black-color has-text-color has-link-color has-medium-font-size wp-elements-0783eccce7486fd4b1d87bf35af4580c\"><strong>Heute ist es jedoch wie \u00fcblich die digiale Fotografie mit den entsprechenden Programmen. Gestartet bin ich im Alter von 13 Jahren mit einer Yashika 230 AF und bin dann nach einigen Jahren bereits direkt zur damals noch analogen CANON EOS 5 (analog) gewechselt. Damals schon mit eye controlled Autofocus. Dann zog die digitale Technik ein. Die ersten digitalen Spiegelreflexkameras waren jedoch teuer, so dass ich erst mit einer kleinen kompakten CANON IXUS v3 digital gestartet bin. Sp\u00e4ter dann die CANON EOS 350D und dann das erste Flagschiff im Crop Bereich der Canon 7D. Mittlerweile habe ich seit mehreren Jahren wieder das Vollformat mit der Canon 5D mark4. Zum Spiegellosen System bin ich noch nicht gewechselt. Hier fehlt es mir an ein zwei technischen Kleinigkeiten um auch hier wieder einen Schritt zu machen. Ihr seht die Technik als Ingeniuer ist mir wichtig&#8230; <\/strong><\/p>\n\n\n\n<p class=\"has-text-align-justify has-black-color has-text-color has-link-color has-medium-font-size wp-elements-9e9d3fb19895ca96be16cfc7f98b98e1\"><strong>&#8230; doch die Bilder macht das Auge und die Kreativit\u00e4t aus. Lasst euch also nicht von dem ganzen Technik Gefasel \u00fcberall leiten. Man kann aber mit einfacher oder alter Technik wundervolle Aufnahmen machen. Meine Fotos stammen meist aus den Urlauben und Reisen die wir machen. Die Zeit f\u00fcr kreative Projekte habe ich mir bislang wenig bis selten genommen. <\/strong><\/p>\n\n\n\n<p class=\"has-black-color has-text-color has-link-color has-medium-font-size wp-elements-da719b12643a0bb6ec003a9245ba194f\"><strong>In diesem Sinne.  Allzeit gutes Licht<\/strong>&#8230;<\/p>\n\n\n\n<p class=\"has-black-color has-text-color has-link-color has-medium-font-size wp-elements-9ea9de3557edab6b4469dff93e6affdc\"><\/p>\n\n\n<div class=\"wp-block-image\">\n<figure class=\"aligncenter size-large is-resized\"><img loading=\"lazy\" decoding=\"async\" width=\"780\" height=\"1024\" src=\"https:\/\/i0.wp.com\/www.singlemalt76.photos\/wp-content\/uploads\/2023\/11\/IMG_3123.jpg?resize=780%2C1024\" alt=\"\" class=\"wp-image-87\" style=\"width:274px;height:auto\" data-recalc-dims=\"1\"\/><\/figure><\/div>","protected":false},"excerpt":{"rendered":"<p>Ich bin Jan alias singlemalt76 und versuche hier zum x-ten mal einen Blog aufzusetzen. Reiseblogs gibt es viele. Fotoblogs auch. Wahrscheinlich auch beides in irgend einer Form. Ich m\u00f6chte hier gerne meine Fotos zeigen und freue mich auch \u00fcber Feedback, Diskussionen und Kommentare. Ziel wird es sein Bilder unserer Reisen zu zeigen und zu dokumentieren. Allerdings wie genau die Reiseberichte&#8230;<\/p>\n","protected":false},"author":1,"featured_media":0,"parent":0,"menu_order":0,"comment_status":"closed","ping_status":"closed","template":"my-templates\/template-fullwidth.php","meta":{"_editorskit_title_hidden":false,"_editorskit_reading_time":0,"_editorskit_is_block_options_detached":false,"_editorskit_block_options_position":"{}","footnotes":""},"yoast_head":"<!-- This site is optimized with the Yoast SEO plugin v21.5 - https:\/\/yoast.com\/wordpress\/plugins\/seo\/ -->\n<title>\u00dcber mich - singlemalt76<\/title>\n<meta name=\"robots\" content=\"index, follow, max-snippet:-1, max-image-preview:large, max-video-preview:-1\" \/>\n<link rel=\"canonical\" href=\"http:\/\/www.singlemalt76.photos\/?page_id=86\" \/>\n<meta property=\"og:locale\" content=\"de_DE\" \/>\n<meta property=\"og:type\" content=\"article\" \/>\n<meta property=\"og:title\" content=\"\u00dcber mich - singlemalt76\" \/>\n<meta property=\"og:description\" content=\"Ich bin Jan alias singlemalt76 und versuche hier zum x-ten mal einen Blog aufzusetzen. Reiseblogs gibt es viele. Fotoblogs auch. Wahrscheinlich auch beides in irgend einer Form. Ich m\u00f6chte hier gerne meine Fotos zeigen und freue mich auch \u00fcber Feedback, Diskussionen und Kommentare. Ziel wird es sein Bilder unserer Reisen zu zeigen und zu dokumentieren. Allerdings wie genau die Reiseberichte...\" \/>\n<meta property=\"og:url\" content=\"http:\/\/www.singlemalt76.photos\/?page_id=86\" \/>\n<meta property=\"og:site_name\" content=\"singlemalt76\" \/>\n<meta property=\"article:modified_time\" content=\"2023-11-17T11:39:15+00:00\" \/>\n<meta property=\"og:image\" content=\"http:\/\/www.singlemalt76.photos\/wp-content\/uploads\/2023\/11\/IMG_3123-780x1024.jpg\" \/>\n<meta name=\"twitter:card\" content=\"summary_large_image\" \/>\n<meta name=\"twitter:label1\" content=\"Gesch\u00e4tzte Lesezeit\" \/>\n\t<meta name=\"twitter:data1\" content=\"3 Minuten\" \/>\n<script type=\"application\/ld+json\" class=\"yoast-schema-graph\">{\"@context\":\"https:\/\/schema.org\",\"@graph\":[{\"@type\":\"WebPage\",\"@id\":\"http:\/\/www.singlemalt76.photos\/?page_id=86\",\"url\":\"http:\/\/www.singlemalt76.photos\/?page_id=86\",\"name\":\"\u00dcber mich - singlemalt76\",\"isPartOf\":{\"@id\":\"http:\/\/www.singlemalt76.photos\/#website\"},\"datePublished\":\"2023-11-16T17:09:37+00:00\",\"dateModified\":\"2023-11-17T11:39:15+00:00\",\"breadcrumb\":{\"@id\":\"http:\/\/www.singlemalt76.photos\/?page_id=86#breadcrumb\"},\"inLanguage\":\"de-DE\",\"potentialAction\":[{\"@type\":\"ReadAction\",\"target\":[\"http:\/\/www.singlemalt76.photos\/?page_id=86\"]}]},{\"@type\":\"BreadcrumbList\",\"@id\":\"http:\/\/www.singlemalt76.photos\/?page_id=86#breadcrumb\",\"itemListElement\":[{\"@type\":\"ListItem\",\"position\":1,\"name\":\"Startseite\",\"item\":\"http:\/\/www.singlemalt76.photos\/\"},{\"@type\":\"ListItem\",\"position\":2,\"name\":\"\u00dcber mich\"}]},{\"@type\":\"WebSite\",\"@id\":\"http:\/\/www.singlemalt76.photos\/#website\",\"url\":\"http:\/\/www.singlemalt76.photos\/\",\"name\":\"singlemalt76 - jan rechenberg - fotografie\",\"description\":\".. a simple travel and phographie blog\",\"potentialAction\":[{\"@type\":\"SearchAction\",\"target\":{\"@type\":\"EntryPoint\",\"urlTemplate\":\"http:\/\/www.singlemalt76.photos\/?s={search_term_string}\"},\"query-input\":\"required name=search_term_string\"}],\"inLanguage\":\"de-DE\"}]}<\/script>\n<!-- \/ Yoast SEO plugin. -->","yoast_head_json":{"title":"\u00dcber mich - singlemalt76","robots":{"index":"index","follow":"follow","max-snippet":"max-snippet:-1","max-image-preview":"max-image-preview:large","max-video-preview":"max-video-preview:-1"},"canonical":"http:\/\/www.singlemalt76.photos\/?page_id=86","og_locale":"de_DE","og_type":"article","og_title":"\u00dcber mich - singlemalt76","og_description":"Ich bin Jan alias singlemalt76 und versuche hier zum x-ten mal einen Blog aufzusetzen. Reiseblogs gibt es viele. Fotoblogs auch. Wahrscheinlich auch beides in irgend einer Form. Ich m\u00f6chte hier gerne meine Fotos zeigen und freue mich auch \u00fcber Feedback, Diskussionen und Kommentare. Ziel wird es sein Bilder unserer Reisen zu zeigen und zu dokumentieren. Allerdings wie genau die Reiseberichte...","og_url":"http:\/\/www.singlemalt76.photos\/?page_id=86","og_site_name":"singlemalt76","article_modified_time":"2023-11-17T11:39:15+00:00","og_image":[{"url":"http:\/\/www.singlemalt76.photos\/wp-content\/uploads\/2023\/11\/IMG_3123-780x1024.jpg"}],"twitter_card":"summary_large_image","twitter_misc":{"Gesch\u00e4tzte Lesezeit":"3 Minuten"},"schema":{"@context":"https:\/\/schema.org","@graph":[{"@type":"WebPage","@id":"http:\/\/www.singlemalt76.photos\/?page_id=86","url":"http:\/\/www.singlemalt76.photos\/?page_id=86","name":"\u00dcber mich - singlemalt76","isPartOf":{"@id":"http:\/\/www.singlemalt76.photos\/#website"},"datePublished":"2023-11-16T17:09:37+00:00","dateModified":"2023-11-17T11:39:15+00:00","breadcrumb":{"@id":"http:\/\/www.singlemalt76.photos\/?page_id=86#breadcrumb"},"inLanguage":"de-DE","potentialAction":[{"@type":"ReadAction","target":["http:\/\/www.singlemalt76.photos\/?page_id=86"]}]},{"@type":"BreadcrumbList","@id":"http:\/\/www.singlemalt76.photos\/?page_id=86#breadcrumb","itemListElement":[{"@type":"ListItem","position":1,"name":"Startseite","item":"http:\/\/www.singlemalt76.photos\/"},{"@type":"ListItem","position":2,"name":"\u00dcber mich"}]},{"@type":"WebSite","@id":"http:\/\/www.singlemalt76.photos\/#website","url":"http:\/\/www.singlemalt76.photos\/","name":"singlemalt76 - jan rechenberg - fotografie","description":".. a simple travel and phographie blog","potentialAction":[{"@type":"SearchAction","target":{"@type":"EntryPoint","urlTemplate":"http:\/\/www.singlemalt76.photos\/?s={search_term_string}"},"query-input":"required name=search_term_string"}],"inLanguage":"de-DE"}]}},"jetpack_sharing_enabled":true,"jetpack-related-posts":[{"id":54,"url":"http:\/\/www.singlemalt76.photos\/?page_id=54","url_meta":{"origin":86,"position":0},"title":"Reisen Welt","author":"singlemalt76","date":"16. November 2023","format":false,"excerpt":"","rel":"","context":"\u00c4hnlicher Beitrag","block_context":{"text":"\u00c4hnlicher Beitrag","link":""},"img":{"alt_text":"","src":"","width":0,"height":0},"classes":[]},{"id":24,"url":"http:\/\/www.singlemalt76.photos\/?page_id=24","url_meta":{"origin":86,"position":1},"title":"Reisen Europa","author":"singlemalt76","date":"14. November 2023","format":false,"excerpt":"","rel":"","context":"\u00c4hnlicher Beitrag","block_context":{"text":"\u00c4hnlicher Beitrag","link":""},"img":{"alt_text":"","src":"","width":0,"height":0},"classes":[]},{"id":2,"url":"http:\/\/www.singlemalt76.photos\/?page_id=2","url_meta":{"origin":86,"position":2},"title":"Beispiel-Seite","author":"singlemalt76","date":"14. November 2023","format":false,"excerpt":"Dies ist eine Beispiel-Seite. Sie unterscheidet sich von Beitr\u00e4gen, da sie stets an derselben Stelle bleibt und (bei den meisten Themes) in der Website-Navigation angezeigt wird. Die meisten starten mit einem Impressum, der Datenschutzerkl\u00e4rung oder einer \u201e\u00dcber\u00a0uns\u201c-Seite, um sich potenziellen Besuchern der Website vorzustellen. Dort k\u00f6nnte zum Beispiel stehen: Hallo!\u2026","rel":"","context":"\u00c4hnlicher Beitrag","block_context":{"text":"\u00c4hnlicher Beitrag","link":""},"img":{"alt_text":"","src":"","width":0,"height":0},"classes":[]},{"id":81,"url":"http:\/\/www.singlemalt76.photos\/?page_id=81","url_meta":{"origin":86,"position":3},"title":"Datenschutzerkl\u00e4rung","author":"singlemalt76","date":"16. November 2023","format":false,"excerpt":"von\u00a0singlemalt76.photos Um Informationen zu den personenbezogenen Daten, dem Zweck und den Parteien, welchen diese Daten mitgeteilt werden, zu erhalten, kontaktieren Sie den Eigent\u00fcmer Anbieter und Verantwortlicher Arten der erhobenen Daten Der Eigent\u00fcmer stellt keine Auflistung der erhobenen personenbezogenen Daten zur Verf\u00fcgung. Vollst\u00e4ndige Details zu jeder Art von verarbeiteten personenbezogenen Daten\u2026","rel":"","context":"\u00c4hnlicher Beitrag","block_context":{"text":"\u00c4hnlicher Beitrag","link":""},"img":{"alt_text":"","src":"","width":0,"height":0},"classes":[]},{"id":141,"url":"http:\/\/www.singlemalt76.photos\/?page_id=141","url_meta":{"origin":86,"position":4},"title":"Cookie-Richtlinie (EU)","author":"singlemalt76","date":"17. November 2023","format":false,"excerpt":"","rel":"","context":"\u00c4hnlicher Beitrag","block_context":{"text":"\u00c4hnlicher Beitrag","link":""},"img":{"alt_text":"","src":"","width":0,"height":0},"classes":[]}],"_links":{"self":[{"href":"http:\/\/www.singlemalt76.photos\/index.php?rest_route=\/wp\/v2\/pages\/86"}],"collection":[{"href":"http:\/\/www.singlemalt76.photos\/index.php?rest_route=\/wp\/v2\/pages"}],"about":[{"href":"http:\/\/www.singlemalt76.photos\/index.php?rest_route=\/wp\/v2\/types\/page"}],"author":[{"embeddable":true,"href":"http:\/\/www.singlemalt76.photos\/index.php?rest_route=\/wp\/v2\/users\/1"}],"replies":[{"embeddable":true,"href":"http:\/\/www.singlemalt76.photos\/index.php?rest_route=%2Fwp%2Fv2%2Fcomments&post=86"}],"version-history":[{"count":8,"href":"http:\/\/www.singlemalt76.photos\/index.php?rest_route=\/wp\/v2\/pages\/86\/revisions"}],"predecessor-version":[{"id":120,"href":"http:\/\/www.singlemalt76.photos\/index.php?rest_route=\/wp\/v2\/pages\/86\/revisions\/120"}],"wp:attachment":[{"href":"http:\/\/www.singlemalt76.photos\/index.php?rest_route=%2Fwp%2Fv2%2Fmedia&parent=86"}],"curies":[{"name":"wp","href":"https:\/\/api.w.org\/{rel}","templated":true}]}}